ded by 231?
0
Calculate the remainder when 6116 is divided by 3885.
2231
What is the remainder when 299866 is divided by 9627?
1429
Calculate the remainder when 49565519 is divided by 16.
15
What is the remainder when 530160 is divided by 105992?
200
What is the remainder when 492178 is divided by 2632?
2626
What is the remainder when 13769910 is divided by 1251809?
11
What is the remainder when 9184230 is divided by 6436?
58
What is the remainder when 267595 is divided by 8106?
97
What is the remainder when 273943 is divided by 505?
233
Calculate the remainder when 161656836 is divided by 20207103.
12
What is the remainder when 4311825 is divided by 21?
0
Calculate the remainder when 4449509 is divided by 29272.
165
What is the remainder when 2325094 is divided by 464?
454
What is the remainder when 8825300 is divided by 5411?
5370
What is the remainder when 405371 is divided by 252?
155
What is the remainder when 51388836 is divided by 29?
24
What is the remainder when 820171 is divided by 1602?
1549
What is the remainder when 237434 is divided by 117114?
3206
What is the remainder when 266029 is divided by 44326?
73
Calculate the remainder when 26003 is divided by 8634.
101
Calculate the remainder when 16168269 is divided by 6416.
6365
Calculate the remainder when 5725921 is divided by 703.
689
Calculate the remainder when 42872120 is divided by 74.
72
What is the remainder when 40138838 is divided by 787036?
2
Calculate the remainder when 4895057 is divided by 1723.
14
What is the remainder when 12918140 is divided by 13?
1
What is the remainder when 6301119 is divided by 140?
139
Calculate the remainder when 1141562 is divided by 800.
762
Calculate the remainder when 29253146 is divided by 4.
2
What is the remainder when 25969 is divided by 11488?
2993
What is the remainder when 2425055 is divided by 346402?
241
What is the remainder when 9883 is divided by 9882?
1
What is the remainder when 155118 is divided by 3886?
3564
Calculate the remainder when 47447035 is divided by 182.
181
What is the remainder when 6702544 is divided by 171?
28
Calculate the remainder when 59676 is divided by 57.
54
Calculate the remainder when 5466081 is divided by 1366508.
49
Calculate the remainder when 2260541 is divided by 356.
297
What is the remainder when 813149 is divided by 54195?
224
What is the remainder when 375592 is divided by 255?
232
Calculate the remainder when 123211 is divided by 66.
55
Calculate the remainder when 156008 is divided by 25.
8
What is the remainder when 3142082 is divided by 1047355?
17
What is the remainder when 827260 is divided by 827205?
55
Calculate the remainder when 82871152 is divided by 17.
11
Calculate the remainder when 129938093 is divided by 5538.
5537
Calculate the remainder when 917927 is divided by 38246.
23
What is the remainder when 68722256 is divided by 13744446?
26
Calculate the remainder when 1499170 is divided by 267.
232
What is the remainder when 15697185 is divided by 41?
7
Calculate the remainder when 230510 is divided by 38.
2
Calculate the remainder when 2831795 is divided by 2831781.
14
Calculate the remainder when 13215341 is divided by 30.
11
What is the remainder when 742526 is divided by 10919?
34
What is the remainder when 5212255 is divided by 14?
13
Calculate the remainder when 2616715 is divided by 424.
211
Calculate the remainder when 3145115 is divided by 763.
29
Calculate the remainder when 922891 is divided by 1741.
161
Calculate the remainder when 261083 is divided by 946.
933
Calculate the remainder when 976578 is divided by 820.
778
What is the remainder when 26359638 is divided by 97?
82
What is the remainder when 655642 is divided by 1256?
10
Calculate the remainder when 30238 is divided by 7718.
7084
Calculate the remainder when 1014762 is divided by 338114.
420
What is the remainder when 101314 is divided by 6762?
6646
Calculate the remainder when 16198 is divided by 7500.
1198
What is the remainder when 29272 is divided by 1952?
1944
Calculate the remainder when 6339270 is divided by 118.
74
Calculate the remainder when 9456377 is divided by 2364092.
9
What is the remainder when 1169048 is divided by 206?
204
What is the remainder when 226661728 is divided by 42?
34
What is the remainder when 20305948 is divided by 199?
187
What is the remainder when 279171 is divided by 21321?
1998
What is the remainder when 1665933 is divided by 77?
38
What is the remainder when 95499 is divided by 41979?
11541
What is the remainder when 13368295 is divided by 3342071?
11
Calculate the remainder when 24387908 is divided by 2484.
2480
Calculate the remainder when 76932 is divided by 29.
24
Calculate the remainder when 45482997 is divided by 200.
197
Calculate the remainder when 107396 is divided by 633.
419
What is the remainder when 13409941 is divided by 2507?
2505
What is the remainder when 28241 is divided by 4775?
4366
Calculate the remainder when 209968 is divided by 17494.
40
What is the remainder when 671944 is divided by 628?
612
What is the remainder when 12822114 is divided by 8531?
21
What is the remainder when 1201627 is divided by 2653?
2471
Calculate the remainder when 3604009 is divided by 128714.
17
Calculate the remainder when 411709 is divided by 193.
40
Calculate the remainder when 57957207 is divided by 32.
23
What is the remainder when 8839616 is divided by 970?
6
Calculate the remainder when 445187 is divided by 447.
422
Calculate the remainder when 550 is divided by 8.
6
What is the remainder when 2158625 is divided by 5465?
5415
What is the remainder when 363306 is divided by 1165?
991
What is the remainder when 386039 is divided by 12393?
1856
What is the remainder when 6130 is divided by 773?
719
Calculate the remainder when 687350 is divided by 1606.
1588
What is the remainder when 431600 is divided by 143545?
965
What is the remainder when 123456 is divided by 5398?
4700
What is the remainder when 433189 is divided by 54104?
357
Calculate the remainder when 225989 is divided by 14121.
53
Calculate the remainder when 520339 is divided by 300.
139
Calculate the remainder when 7041520 is divided by 3520759.
2
Calculate the remainder when 7007806 is divided by 15.
1
Calculate the remainder when 1421441 is divided by 101518.
189
Calculate the remainder when 1620097 is divided by 106.
99
Calculate the remainder when 78500 is divided by 302.
282
Calculate the remainder when 1089706 is divided by 20.
6
What is the remainder when 8542 is divided by 7056?
1486
Calculate the remainder when 93077939 is divided by 555.
554
What is the remainder when 1663790 is divided by 494?
492
What is the remainder when 980968 is divided by 2074?
2040
What is the remainder when 134120 is divided by 4325?
45
Calculate the remainder when 11675043 is divided by 389164.
123
Calculate the remainder when 1712542 is divided by 735.
727
What is the remainder when 3838461 is divided by 147?
144
Calculate the remainder when 3090871 is divided by 322.
315
Calculate the remainder when 4009128 is divided by 1336197.
537
What is the remainder when 398728 is divided by 49543?
2384
What is the remainder when 40412050 is divided by 21?
7
What is the remainder when 5856351 is divided by 8?
7
What is the remainder when 120371341 is divided by 35?
6
Calculate the remainder when 7867 is divided by 7820.
47
Calculate the remainder when 117888735 is divided by 46.
27
Calculate the remainder when 1955169 is divided by 1232.
1217
Calculate the remainder when 302748 is divided by 1177.
259
Calculate the remainder when 422431 is divided by 38347.
614
What is the remainder when 8038587 is divided by 126?
39
What is the remainder when 53042 is divided by 1587?
671
Calculate the remainder when 306699 is divided by 14588.
351
Calculate the remainder when 1160 is divided by 943.
217
Calculate the remainder when 3052493 is divided by 3052481.
12
What is the remainder when 37023379 is divided by 10560?
19
What is the remainder when 84692 is divided by 20889?
1136
What is the remainder when 310406 is divided by 13471?
573
What is the remainder when 45303 is divided by 7529?
129
What is the remainder when 109668793 is divided by 66587?
4
What is the remainder when 225825 is divided by 1165?
980
What is the remainder when 